ed by 67?
9
What is the remainder when 2303 is divided by 8?
7
Calculate the remainder when 215 is divided by 37.
30
What is the remainder when 46 is divided by 19?
8
Calculate the remainder when 159 is divided by 32.
31
Calculate the remainder when 127 is divided by 56.
15
Calculate the remainder when 1727 is divided by 859.
9
Calculate the remainder when 315 is divided by 16.
11
What is the remainder when 15429 is divided by 24?
21
What is the remainder when 1422 is divided by 94?
12
Calculate the remainder when 219 is divided by 104.
11
Calculate the remainder when 479 is divided by 166.
147
What is the remainder when 192 is divided by 101?
91
What is the remainder when 147 is divided by 46?
9
What is the remainder when 155 is divided by 74?
7
What is the remainder when 1246 is divided by 11?
3
Calculate the remainder when 2459 is divided by 30.
29
What is the remainder when 45 is divided by 41?
4
Calculate the remainder when 2417 is divided by 26.
25
What is the remainder when 383 is divided by 111?
50
Calculate the remainder when 1049 is divided by 25.
24
What is the remainder when 117 is divided by 101?
16
Calculate the remainder when 332 is divided by 86.
74
Calculate the remainder when 1869 is divided by 123.
24
Calculate the remainder when 1277 is divided by 632.
13
Calculate the remainder when 147 is divided by 31.
23
What is the remainder when 215 is divided by 203?
12
Calculate the remainder when 302 is divided by 79.
65
What is the remainder when 184 is divided by 5?
4
Calculate the remainder when 737 is divided by 10.
7
What is the remainder when 243 is divided by 50?
43
What is the remainder when 28 is divided by 18?
10
What is the remainder when 120 is divided by 42?
36
What is the remainder when 523 is divided by 113?
71
What is the remainder when 709 is divided by 47?
4
Calculate the remainder when 8457 is divided by 20.
17
Calculate the remainder when 540 is divided by 56.
36
What is the remainder when 163 is divided by 42?
37
What is the remainder when 605 is divided by 123?
113
What is the remainder when 169 is divided by 44?
37
What is the remainder when 225 is divided by 73?
6
Calculate the remainder when 988 is divided by 281.
145
What is the remainder when 10700 is divided by 972?
8
Calculate the remainder when 55 is divided by 38.
17
What is the remainder when 1828 is divided by 39?
34
What is the remainder when 358 is divided by 40?
38
Calculate the remainder when 389 is divided by 385.
4
Calculate the remainder when 339 is divided by 4.
3
What is the remainder when 1312 is divided by 101?
100
What is the remainder when 84 is divided by 41?
2
Calculate the remainder when 192 is divided by 22.
16
What is the remainder when 350 is divided by 71?
66
Calculate the remainder when 18743 is divided by 66.
65
Calculate the remainder when 41 is divided by 41.
0
Calculate the remainder when 1594 is divided by 21.
19
Calculate the remainder when 152 is divided by 41.
29
What is the remainder when 907 is divided by 888?
19
Calculate the remainder when 443 is divided by 32.
27
What is the remainder when 568 is divided by 14?
8
What is the remainder when 177 is divided by 13?
8
What is the remainder when 496 is divided by 71?
70
What is the remainder when 347 is divided by 70?
67
Calculate the remainder when 3254 is divided by 93.
92
Calculate the remainder when 262 is divided by 42.
10
What is the remainder when 1160 is divided by 129?
128
What is the remainder when 306 is divided by 120?
66
Calculate the remainder when 97 is divided by 46.
5
Calculate the remainder when 92 is divided by 32.
28
What is the remainder when 256 is divided by 7?
4
What is the remainder when 890 is divided by 27?
26
Calculate the remainder when 47 is divided by 2.
1
Calculate the remainder when 281 is divided by 140.
1
What is the remainder when 439 is divided by 144?
7
Calculate the remainder when 2295 is divided by 126.
27
What is the remainder when 80 is divided by 23?
11
Calculate the remainder when 999 is divided by 72.
63
What is the remainder when 25 is divided by 16?
9
What is the remainder when 233 is divided by 61?
50
Calculate the remainder when 1091 is divided by 12.
11
What is the remainder when 35424 is divided by 25?
24
What is the remainder when 342 is divided by 111?
9
Calculate the remainder when 796 is divided by 57.
55
What is the remainder when 38 is divided by 25?
13
Calculate the remainder when 37 is divided by 5.
2
Calculate the remainder when 21462 is divided by 159.
156
Calculate the remainder when 11548 is divided by 76.
72
Calculate the remainder when 3009 is divided by 41.
16
What is the remainder when 1215 is divided by 204?
195
Calculate the remainder when 156 is divided by 9.
3
What is the remainder when 1735 is divided by 20?
15
What is the remainder when 281 is divided by 19?
15
Calculate the remainder when 196 is divided by 15.
1
What is the remainder when 2133 is divided by 61?
59
What is the remainder when 590 is divided by 27?
23
Calculate the remainder when 142 is divided by 52.
38
Calculate the remainder when 1008 is divided by 44.
40
Calculate the remainder when 351 is divided by 9.
0
What is the remainder when 4248 is divided by 50?
48
Calculate the remainder when 1546 is divided by 13.
12
What is the remainder when 145 is divided by 31?
21
Calculate the remainder when 33658 is divided by 170.
168
What is the remainder when 149 is divided by 49?
2
Calculate the remainder when 1644 is divided by 409.
8
Calculate the remainder when 3 is divided by 2.
1
What is the remainder when 163 is divided by 12?
7
Calculate the remainder when 152 is divided by 42.
26
Calculate the remainder when 542 is divided by 21.
17
Calculate the remainder when 201 is divided by 183.
18
Calculate the remainder when 4528 is divided by 206.
202
What is the remainder when 64 is divided by 4?
0
Calculate the remainder when 800 is divided by 263.
11
What is the remainder when 584 is divided by 18?
8
Calculate the remainder when 851 is divided by 158.
61
Calculate the remainder when 78 is divided by 27.
24
Calculate the remainder when 137 is divided by 24.
17
Calculate the remainder when 323 is divided by 4.
3
What is the remainder when 1028 is divided by 503?
22
What is the remainder when 925 is divided by 225?
25
Calculate the remainder when 418 is divided by 65.
28
Calculate the remainder when 883 is divided by 224.
211
Calculate the remainder when 55 is divided by 16.
7
Calculate the remainder when 48 is divided by 29.
19
Calculate the remainder when 2619 is divided by 44.
23
What is the remainder when 67 is divided by 8?
3
Calculate the remainder when 268 is divided by 226.
42
Calculate the remainder when 1270 is divided by 177.
31
What is the remainder when 206 is divided by 92?
22
Calculate the remainder when 757 is divided by 6.
1
Calculate the remainder when 3884 is divided by 67.
65
Calculate the remainder when 295 is divided by 68.
23
What is the remainder when 38 is divided by 10?
8
What is the remainder when 21068 is divided by 24?
20
What is the remainder when 281 is divided by 54?
11
What is the remainder when 486 is divided by 93?
21
What is the remainder when 948 is divided by 19?
17
What is the remainder when 137 is divided by 46?
45
What is the remainder when 7602 is divided by 15?
12
Calculate the remainder when 4697 is divided by 174.
173
Calculate the remainder when 17221 is divided by 218.
217
Calculate the remainder when 175 is divided by 16.
15
Calculate the remainder when 829 is divided by 165.
4
What is the remainder when 250 is divided by 125?
0
Calculate the remainder when 275 is divided by 85.
20
What is the remainder when 620 is divided by 219?
182
What is the remainder when 8358 is divided by 19?
17
What is the remainder when 2962 is divided by 38?
36
What is the remainder when 8873 is divided by 83?
75
What is the remainder when 111 is divided by 60?
51
What is the remainder when 942 is divided by 23?
22
What is the remainder when 54 is divided by 17?
3
What is the remainder when 4836 is divided by 3?
0
Calculate the remainder when 187 is divided by 15.
7
What is the remainder when 188 is divided by 98?
90
Calculate the remainder when 135 is divided by 44.
3
Calculate the remainder when 702 is divided by 